[INFO] fetching crate requiem-multipart 0.2.0-r1...
[INFO] checking requiem-multipart-0.2.0-r1 against try#72f88fc4e9458f89516a0b8b0868f3718aec5b47 for pr-74989
[INFO] extracting crate requiem-multipart 0.2.0-r1 into /workspace/builds/worker-0/source
[INFO] validating manifest of crates.io crate requiem-multipart 0.2.0-r1 on toolchain 72f88fc4e9458f89516a0b8b0868f3718aec5b47
[INFO] running `Command { std: "/workspace/cargo-home/bin/cargo" "+72f88fc4e9458f89516a0b8b0868f3718aec5b47" "read-manifest" "--manifest-path" "Cargo.toml", kill_on_drop: false }`
[INFO] started tweaking crates.io crate requiem-multipart 0.2.0-r1
[INFO] finished tweaking crates.io crate requiem-multipart 0.2.0-r1
[INFO] tweaked toml for crates.io crate requiem-multipart 0.2.0-r1 written to /workspace/builds/worker-0/source/Cargo.toml
[INFO] running `Command { std: "/workspace/cargo-home/bin/cargo" "+72f88fc4e9458f89516a0b8b0868f3718aec5b47" "generate-lockfile" "--manifest-path" "Cargo.toml" "-Zno-index-update", kill_on_drop: false }`
[INFO] running `Command { std: "/workspace/cargo-home/bin/cargo" "+72f88fc4e9458f89516a0b8b0868f3718aec5b47" "fetch" "--locked" "--manifest-path" "Cargo.toml", kill_on_drop: false }`
[INFO] running `Command { std: "docker" "create" "-v" "/var/lib/crater-agent-workspace/builds/worker-0/target:/opt/rustwide/target:rw,Z" "-v" "/var/lib/crater-agent-workspace/builds/worker-0/source:/opt/rustwide/workdir:ro,Z" "-v" "/var/lib/crater-agent-workspace/cargo-home:/opt/rustwide/cargo-home:ro,Z" "-v" "/var/lib/crater-agent-workspace/rustup-home:/opt/rustwide/rustup-home:ro,Z" "-e" "SOURCE_DIR=/opt/rustwide/workdir" "-e" "CARGO_TARGET_DIR=/opt/rustwide/target" "-e" "CARGO_HOME=/opt/rustwide/cargo-home" "-e" "RUSTUP_HOME=/opt/rustwide/rustup-home" "-w" "/opt/rustwide/workdir" "-m" "1610612736" "--user" "0:0" "--network" "none" "rustops/crates-build-env@sha256:d92eaeed33fa75130ca1ee6c8a01d1ffb62bac859dfdfb3450e3e5d1c0146529" "/opt/rustwide/cargo-home/bin/cargo" "+72f88fc4e9458f89516a0b8b0868f3718aec5b47" "metadata" "--no-deps" "--format-version=1", kill_on_drop: false }`
[INFO] [stdout] 2bad9142804177ce64e6576ef5f6c8ad16a2141a5b55d6bcf019c5627ee9411f
[INFO] [stderr] WARNING: Your kernel does not support swap limit capabilities or the cgroup is not mounted. Memory limited without swap.
[INFO] running `Command { std: "docker" "start" "-a" "2bad9142804177ce64e6576ef5f6c8ad16a2141a5b55d6bcf019c5627ee9411f", kill_on_drop: false }`
[INFO] running `Command { std: "docker" "inspect" "2bad9142804177ce64e6576ef5f6c8ad16a2141a5b55d6bcf019c5627ee9411f", kill_on_drop: false }`
[INFO] running `Command { std: "docker" "rm" "-f" "2bad9142804177ce64e6576ef5f6c8ad16a2141a5b55d6bcf019c5627ee9411f", kill_on_drop: false }`
[INFO] [stdout] 2bad9142804177ce64e6576ef5f6c8ad16a2141a5b55d6bcf019c5627ee9411f
[INFO] running `Command { std: "docker" "create" "-v" "/var/lib/crater-agent-workspace/builds/worker-0/target:/opt/rustwide/target:rw,Z" "-v" "/var/lib/crater-agent-workspace/builds/worker-0/source:/opt/rustwide/workdir:ro,Z" "-v" "/var/lib/crater-agent-workspace/cargo-home:/opt/rustwide/cargo-home:ro,Z" "-v" "/var/lib/crater-agent-workspace/rustup-home:/opt/rustwide/rustup-home:ro,Z" "-e" "SOURCE_DIR=/opt/rustwide/workdir" "-e" "CARGO_TARGET_DIR=/opt/rustwide/target" "-e" "CARGO_INCREMENTAL=0" "-e" "RUST_BACKTRACE=full" "-e" "RUSTFLAGS=--cap-lints=forbid" "-e" "CARGO_HOME=/opt/rustwide/cargo-home" "-e" "RUSTUP_HOME=/opt/rustwide/rustup-home" "-w" "/opt/rustwide/workdir" "-m" "1610612736" "--user" "0:0" "--network" "none" "rustops/crates-build-env@sha256:d92eaeed33fa75130ca1ee6c8a01d1ffb62bac859dfdfb3450e3e5d1c0146529" "/opt/rustwide/cargo-home/bin/cargo" "+72f88fc4e9458f89516a0b8b0868f3718aec5b47" "check" "--frozen" "--all" "--all-targets" "--message-format=json", kill_on_drop: false }`
[INFO] [stderr] WARNING: Your kernel does not support swap limit capabilities or the cgroup is not mounted. Memory limited without swap.
[INFO] [stdout] b471124dd110fa69ecb69cb5c1ed8b83097e05b91e30d89bd324570e0ff79aa4
[INFO] running `Command { std: "docker" "start" "-a" "b471124dd110fa69ecb69cb5c1ed8b83097e05b91e30d89bd324570e0ff79aa4", kill_on_drop: false }`
[INFO] [stderr]     Checking futures-sink v0.3.5
[INFO] [stderr]    Compiling getrandom v0.1.15
[INFO] [stderr]    Compiling failure_derive v0.1.8
[INFO] [stderr]    Compiling typenum v1.12.0
[INFO] [stderr]     Checking itoa v0.4.6
[INFO] [stderr]     Checking object v0.20.0
[INFO] [stderr]     Checking ppv-lite86 v0.2.9
[INFO] [stderr]     Checking fnv v1.0.7
[INFO] [stderr]     Checking match_cfg v0.1.0
[INFO] [stderr]     Checking dtoa v0.4.6
[INFO] [stderr]     Checking unchecked-index v0.2.2
[INFO] [stderr]     Checking tracing-core v0.1.16
[INFO] [stderr]    Compiling indexmap v1.6.0
[INFO] [stderr]     Checking bytestring v0.1.5
[INFO] [stderr]     Checking lru-cache v0.1.2
[INFO] [stderr]     Checking futures-channel v0.3.5
[INFO] [stderr]     Checking idna v0.2.0
[INFO] [stderr]     Checking encoding_rs v0.8.24
[INFO] [stderr]     Checking socket2 v0.3.15
[INFO] [stderr]     Checking time v0.1.44
[INFO] [stderr]     Checking hostname v0.3.1
[INFO] [stderr]     Checking twoway v0.2.1
[INFO] [stderr]     Checking fxhash v0.2.1
[INFO] [stderr]     Checking http v0.2.1
[INFO] [stderr]    Compiling syn v1.0.40
[INFO] [stderr]     Checking regex v1.3.9
[INFO] [stderr]     Checking resolv-conf v0.6.3
[INFO] [stderr]     Checking tracing v0.1.19
[INFO] [stderr]     Checking tokio v0.2.22
[INFO] [stderr]     Checking chrono v0.4.15
[INFO] [stderr]     Checking rand_core v0.5.1
[INFO] [stderr]     Checking url v2.1.1
[INFO] [stderr]     Checking rand_chacha v0.2.2
[INFO] [stderr]     Checking rand v0.7.3
[INFO] [stderr]     Checking generic-array v0.12.3
[INFO] [stderr]     Checking block-buffer v0.7.3
[INFO] [stderr]     Checking digest v0.8.1
[INFO] [stderr]     Checking sha-1 v0.8.2
[INFO] [stderr]     Checking tokio-util v0.2.0
[INFO] [stderr]     Checking tokio-util v0.3.1
[INFO] [stderr]     Checking requiem-codec v0.2.0
[INFO] [stderr]     Checking backtrace v0.3.50
[INFO] [stderr]    Compiling synstructure v0.12.4
[INFO] [stderr]    Compiling pin-project-internal v0.4.23
[INFO] [stderr]    Compiling futures-macro v0.3.5
[INFO] [stderr]    Compiling derive_more v0.99.10
[INFO] [stderr]    Compiling requiem-macros v0.1.1
[INFO] [stderr]    Compiling serde_derive v1.0.116
[INFO] [stderr]    Compiling async-trait v0.1.40
[INFO] [stderr]    Compiling enum-as-inner v0.3.3
[INFO] [stderr]    Compiling requiem-web-codegen v0.2.0
[INFO] [stderr]     Checking failure v0.1.8
[INFO] [stderr]     Checking pin-project v0.4.23
[INFO] [stderr]     Checking futures-util v0.3.5
[INFO] [stderr]     Checking requiem-threadpool v0.3.1
[INFO] [stderr]     Checking serde v1.0.116
[INFO] [stderr]     Checking futures-executor v0.3.5
[INFO] [stderr]     Checking requiem-service v1.0.5
[INFO] [stderr]     Checking h2 v0.2.6
[INFO] [stderr]     Checking futures v0.3.5
[INFO] [stderr]     Checking requiem-rt v1.0.0
[INFO] [stderr]     Checking trust-dns-proto v0.18.0-alpha.2
[INFO] [stderr]     Checking requiem-utils v1.0.6
[INFO] [stderr]     Checking requiem-server v1.0.1
[INFO] [stderr]     Checking requiem-tls v1.0.0
[INFO] [stderr]     Checking trust-dns-resolver v0.18.0-alpha.2
[INFO] [stderr]     Checking requiem-testing v1.0.0
[INFO] [stderr]     Checking serde_urlencoded v0.6.1
[INFO] [stderr]     Checking serde_json v1.0.57
[INFO] [stderr]     Checking requiem-router v0.2.4
[INFO] [stderr]     Checking requiem-connect v1.0.2
[INFO] [stderr]     Checking requiem-http v1.0.1
[INFO] [stderr]     Checking requiem-wc v1.0.1
[INFO] [stderr]     Checking requiem-web v2.0.0-r2
[INFO] [stderr]     Checking requiem-multipart v0.2.0-r1 (/opt/rustwide/workdir)
[INFO] [stdout] error[E0433]: failed to resolve: use of undeclared type or module `actix_rt`
[INFO] [stdout]    --> src/server.rs:819:5
[INFO] [stdout]     |
[INFO] [stdout] 819 |     #[requiem_rt::test]
[INFO] [stdout]     |     ^^^^^^^^^^^^^^^^^^^ not found in `actix_rt`
[INFO] [stdout]     |
[INFO] [stdout]     = note: this error originates in an attribute macro (in Nightly builds, run with -Z macro-backtrace for more info)
[INFO] [stdout] help: consider importing one of these items
[INFO] [stdout]     |
[INFO] [stdout] 811 |     use requiem_rt::System;
[INFO] [stdout]     |
[INFO] [stdout] 811 |     use std::alloc::System;
[INFO] [stdout]     |
[INFO] [stdout] 
[INFO] [stdout] 
[INFO] [stdout] error[E0433]: failed to resolve: use of undeclared type or module `actix_rt`
[INFO] [stdout]    --> src/server.rs:932:5
[INFO] [stdout]     |
[INFO] [stdout] 932 |     #[requiem_rt::test]
[INFO] [stdout]     |     ^^^^^^^^^^^^^^^^^^^ not found in `actix_rt`
[INFO] [stdout]     |
[INFO] [stdout]     = note: this error originates in an attribute macro (in Nightly builds, run with -Z macro-backtrace for more info)
[INFO] [stdout] help: consider importing one of these items
[INFO] [stdout]     |
[INFO] [stdout] 811 |     use requiem_rt::System;
[INFO] [stdout]     |
[INFO] [stdout] 811 |     use std::alloc::System;
[INFO] [stdout]     |
[INFO] [stdout] 
[INFO] [stdout] 
[INFO] [stdout] error[E0433]: failed to resolve: use of undeclared type or module `actix_rt`
[INFO] [stdout]    --> src/server.rs:959:5
[INFO] [stdout]     |
[INFO] [stdout] 959 |     #[requiem_rt::test]
[INFO] [stdout]     |     ^^^^^^^^^^^^^^^^^^^ not found in `actix_rt`
[INFO] [stdout]     |
[INFO] [stdout]     = note: this error originates in an attribute macro (in Nightly builds, run with -Z macro-backtrace for more info)
[INFO] [stdout] help: consider importing one of these items
[INFO] [stdout]     |
[INFO] [stdout] 811 |     use requiem_rt::System;
[INFO] [stdout]     |
[INFO] [stdout] 811 |     use std::alloc::System;
[INFO] [stdout]     |
[INFO] [stdout] 
[INFO] [stdout] 
[INFO] [stdout] error[E0433]: failed to resolve: use of undeclared type or module `actix_rt`
[INFO] [stdout]     --> src/server.rs:1023:5
[INFO] [stdout]      |
[INFO] [stdout] 1023 |     #[requiem_rt::test]
[INFO] [stdout]      |     ^^^^^^^^^^^^^^^^^^^ not found in `actix_rt`
[INFO] [stdout]      |
[INFO] [stdout]      = note: this error originates in an attribute macro (in Nightly builds, run with -Z macro-backtrace for more info)
[INFO] [stdout] help: consider importing one of these items
[INFO] [stdout]      |
[INFO] [stdout] 811  |     use requiem_rt::System;
[INFO] [stdout]      |
[INFO] [stdout] 811  |     use std::alloc::System;
[INFO] [stdout]      |
[INFO] [stdout] 
[INFO] [stdout] 
[INFO] [stdout] error[E0433]: failed to resolve: use of undeclared type or module `actix_rt`
[INFO] [stdout]     --> src/server.rs:1059:5
[INFO] [stdout]      |
[INFO] [stdout] 1059 |     #[requiem_rt::test]
[INFO] [stdout]      |     ^^^^^^^^^^^^^^^^^^^ not found in `actix_rt`
[INFO] [stdout]      |
[INFO] [stdout]      = note: this error originates in an attribute macro (in Nightly builds, run with -Z macro-backtrace for more info)
[INFO] [stdout] help: consider importing one of these items
[INFO] [stdout]      |
[INFO] [stdout] 811  |     use requiem_rt::System;
[INFO] [stdout]      |
[INFO] [stdout] 811  |     use std::alloc::System;
[INFO] [stdout]      |
[INFO] [stdout] 
[INFO] [stdout] 
[INFO] [stdout] error[E0433]: failed to resolve: use of undeclared type or module `actix_rt`
[INFO] [stdout]     --> src/server.rs:1069:5
[INFO] [stdout]      |
[INFO] [stdout] 1069 |     #[requiem_rt::test]
[INFO] [stdout]      |     ^^^^^^^^^^^^^^^^^^^ not found in `actix_rt`
[INFO] [stdout]      |
[INFO] [stdout]      = note: this error originates in an attribute macro (in Nightly builds, run with -Z macro-backtrace for more info)
[INFO] [stdout] help: consider importing one of these items
[INFO] [stdout]      |
[INFO] [stdout] 811  |     use requiem_rt::System;
[INFO] [stdout]      |
[INFO] [stdout] 811  |     use std::alloc::System;
[INFO] [stdout]      |
[INFO] [stdout] 
[INFO] [stdout] 
[INFO] [stdout] error[E0433]: failed to resolve: use of undeclared type or module `actix_rt`
[INFO] [stdout]     --> src/server.rs:1085:5
[INFO] [stdout]      |
[INFO] [stdout] 1085 |     #[requiem_rt::test]
[INFO] [stdout]      |     ^^^^^^^^^^^^^^^^^^^ not found in `actix_rt`
[INFO] [stdout]      |
[INFO] [stdout]      = note: this error originates in an attribute macro (in Nightly builds, run with -Z macro-backtrace for more info)
[INFO] [stdout] help: consider importing one of these items
[INFO] [stdout]      |
[INFO] [stdout] 811  |     use requiem_rt::System;
[INFO] [stdout]      |
[INFO] [stdout] 811  |     use std::alloc::System;
[INFO] [stdout]      |
[INFO] [stdout] 
[INFO] [stdout] 
[INFO] [stdout] error[E0433]: failed to resolve: use of undeclared type or module `actix_rt`
[INFO] [stdout]     --> src/server.rs:1094:5
[INFO] [stdout]      |
[INFO] [stdout] 1094 |     #[requiem_rt::test]
[INFO] [stdout]      |     ^^^^^^^^^^^^^^^^^^^ not found in `actix_rt`
[INFO] [stdout]      |
[INFO] [stdout]      = note: this error originates in an attribute macro (in Nightly builds, run with -Z macro-backtrace for more info)
[INFO] [stdout] help: consider importing one of these items
[INFO] [stdout]      |
[INFO] [stdout] 811  |     use requiem_rt::System;
[INFO] [stdout]      |
[INFO] [stdout] 811  |     use std::alloc::System;
[INFO] [stdout]      |
[INFO] [stdout] 
[INFO] [stdout] 
[INFO] [stdout] error[E0433]: failed to resolve: use of undeclared type or module `actix_rt`
[INFO] [stdout]     --> src/server.rs:1111:5
[INFO] [stdout]      |
[INFO] [stdout] 1111 |     #[requiem_rt::test]
[INFO] [stdout]      |     ^^^^^^^^^^^^^^^^^^^ not found in `actix_rt`
[INFO] [stdout]      |
[INFO] [stdout]      = note: this error originates in an attribute macro (in Nightly builds, run with -Z macro-backtrace for more info)
[INFO] [stdout] help: consider importing one of these items
[INFO] [stdout]      |
[INFO] [stdout] 811  |     use requiem_rt::System;
[INFO] [stdout]      |
[INFO] [stdout] 811  |     use std::alloc::System;
[INFO] [stdout]      |
[INFO] [stdout] 
[INFO] [stdout] 
[INFO] [stdout] error[E0433]: failed to resolve: use of undeclared type or module `actix_rt`
[INFO] [stdout]     --> src/server.rs:1129:5
[INFO] [stdout]      |
[INFO] [stdout] 1129 |     #[requiem_rt::test]
[INFO] [stdout]      |     ^^^^^^^^^^^^^^^^^^^ not found in `actix_rt`
[INFO] [stdout]      |
[INFO] [stdout]      = note: this error originates in an attribute macro (in Nightly builds, run with -Z macro-backtrace for more info)
[INFO] [stdout] help: consider importing one of these items
[INFO] [stdout]      |
[INFO] [stdout] 811  |     use requiem_rt::System;
[INFO] [stdout]      |
[INFO] [stdout] 811  |     use std::alloc::System;
[INFO] [stdout]      |
[INFO] [stdout] 
[INFO] [stdout] 
[INFO] [stdout] error: aborting due to 10 previous errors
[INFO] [stdout] 
[INFO] [stdout] 
[INFO] [stdout] For more information about this error, try `rustc --explain E0433`.
[INFO] [stdout] 
[INFO] [stderr] error: could not compile `requiem-multipart`.
[INFO] [stderr] 
[INFO] [stderr] To learn more, run the command again with --verbose.
[INFO] running `Command { std: "docker" "inspect" "b471124dd110fa69ecb69cb5c1ed8b83097e05b91e30d89bd324570e0ff79aa4", kill_on_drop: false }`
[INFO] running `Command { std: "docker" "rm" "-f" "b471124dd110fa69ecb69cb5c1ed8b83097e05b91e30d89bd324570e0ff79aa4", kill_on_drop: false }`
[INFO] [stdout] b471124dd110fa69ecb69cb5c1ed8b83097e05b91e30d89bd324570e0ff79aa4
